ate the greatest common divisor of 60 and 176070.
30
What is the highest common factor of 12 and 14619?
3
What is the greatest common divisor of 14685 and 585?
15
Calculate the highest common factor of 1112 and 33638.
278
Calculate the greatest common divisor of 43447 and 23.
23
What is the greatest common factor of 72624 and 2256?
48
What is the greatest common divisor of 4 and 7066?
2
What is the greatest common factor of 4226534 and 894?
298
What is the greatest common divisor of 3636 and 360?
36
Calculate the highest common factor of 156 and 11964.
12
What is the highest common factor of 455328 and 4624?
272
Calculate the greatest common divisor of 117456 and 36.
12
What is the greatest common factor of 17622 and 108402?
534
What is the highest common divisor of 207 and 12339?
9
What is the highest common factor of 197591 and 197?
197
What is the greatest common factor of 401280 and 990?
330
What is the highest common divisor of 1440 and 440?
40
What is the highest common factor of 109941 and 117?
39
What is the greatest common factor of 3484 and 1976?
52
Calculate the greatest common divisor of 662466 and 21.
21
Calculate the greatest common factor of 3081 and 42783.
39
What is the highest common divisor of 260 and 8772?
4
Calculate the highest common factor of 2249 and 4152.
173
Calculate the highest common divisor of 5083 and 391.
391
What is the highest common divisor of 3237 and 747?
249
Calculate the greatest common divisor of 201327 and 42.
21
What is the highest common divisor of 850 and 3672850?
850
Calculate the highest common divisor of 12621 and 63.
21
Calculate the highest common divisor of 19788 and 96.
12
Calculate the highest common divisor of 15 and 371235.
15
Calculate the highest common divisor of 2322619 and 106.
53
What is the greatest common divisor of 909 and 1274418?
909
Calculate the greatest common factor of 82484 and 204.
68
Calculate the greatest common factor of 2784 and 8700.
348
What is the highest common factor of 32660 and 34500?
460
Calculate the greatest common factor of 5286504 and 48.
24
Calculate the highest common factor of 57072 and 72.
24
Calculate the greatest common factor of 54 and 260631.
27
What is the highest common divisor of 456532 and 532?
76
Calculate the highest common factor of 1374484 and 164.
164
What is the highest common divisor of 16 and 10260?
4
Calculate the greatest common factor of 33425 and 149744.
1337
What is the highest common factor of 799732 and 4?
4
What is the greatest common factor of 10314 and 9666?
54
Calculate the greatest common factor of 8535007 and 169.
169
What is the greatest common divisor of 72228 and 2808?
156
What is the greatest common divisor of 12 and 44364?
12
Calculate the greatest common divisor of 639 and 2214.
9
Calculate the greatest common divisor of 13704 and 96.
24
Calculate the greatest common divisor of 5168226 and 588.
294
Calculate the greatest common divisor of 1177131 and 153.
51
What is the greatest common factor of 202538 and 8050?
322
Calculate the greatest common factor of 596 and 115177.
149
What is the highest common factor of 1043 and 59302?
149
What is the greatest common divisor of 228 and 35892?
12
What is the greatest common factor of 8640 and 400?
80
What is the highest common divisor of 25058 and 4422?
1474
What is the highest common factor of 70640 and 400?
80
Calculate the greatest common factor of 1345 and 745.
5
Calculate the greatest common factor of 1972 and 21556.
68
Calculate the highest common factor of 5319 and 126.
9
What is the greatest common factor of 99674 and 61?
61
Calculate the highest common factor of 21670 and 330.
110
Calculate the highest common divisor of 21828 and 36.
12
What is the highest common divisor of 416 and 23101?
13
Calculate the greatest common factor of 2420 and 410.
10
What is the highest common factor of 1927084 and 124?
124
Calculate the highest common divisor of 42 and 48528.
6
What is the highest common divisor of 52083 and 90?
9
What is the highest common divisor of 223800 and 120?
120
Calculate the greatest common divisor of 30 and 5172330.
30
What is the highest common factor of 20524 and 812?
28
What is the highest common factor of 15207 and 5754?
411
Calculate the greatest common divisor of 28 and 151956.
28
What is the highest common factor of 54103 and 21?
7
What is the greatest common factor of 53 and 12?
1
What is the highest common factor of 182185 and 15?
5
Calculate the highest common factor of 2079 and 151011.
189
What is the greatest common divisor of 562254 and 3234?
462
What is the highest common divisor of 676 and 1441739?
169
What is the greatest common divisor of 8409 and 30?
3
Calculate the greatest common factor of 177498 and 342.
342
Calculate the greatest common divisor of 330 and 177573.
33
Calculate the greatest common divisor of 266 and 1883.
7
Calculate the highest common divisor of 5406 and 66462.
318
What is the highest common factor of 28260 and 920?
20
What is the greatest common divisor of 290051 and 89?
89
What is the highest common factor of 1272 and 260124?
636
What is the highest common factor of 201 and 770366?
67
Calculate the highest common divisor of 194188 and 516.
172
What is the highest common divisor of 69675 and 225?
75
What is the highest common divisor of 171 and 69369?
57
What is the highest common factor of 4690 and 210?
70
What is the highest common factor of 511331 and 326?
163
What is the highest common factor of 357272 and 34?
34
What is the greatest common divisor of 1143 and 398907?
1143
Calculate the greatest common divisor of 820 and 927502.
82
Calculate the highest common factor of 531248 and 28.
4
Calculate the greatest common divisor of 389543 and 253.
11
What is the greatest common divisor of 8808 and 59544?
24
What is the greatest common divisor of 344 and 120?
8
What is the greatest common divisor of 5008 and 1648?
16
Calculate the highest common factor of 240 and 1015760.
80
Calculate the greatest common factor of 54696 and 139320.
1032
What is the greatest common divisor of 186698 and 4155?
277
What is the highest common factor of 584001 and 31977?
1683
What is the highest common factor of 3650 and 400?
50
What is the greatest common divisor of 917 and 119?
7
What is the highest common factor of 7973 and 4690?
469
What is the greatest common divisor of 233 and 3728?
233
What is the highest common factor of 3277 and 78735?
29
Calculate the greatest common factor of 1976 and 741.
247
Calculate the highest common factor of 5560 and 300935.
695
Calculate the highest common divisor of 44 and 17006.
22
What is the greatest common divisor of 59262 and 294?
42
What is the highest common divisor of 2 and 5818?
2
Calculate the highest common factor of 768900 and 1500.
300
Calculate the greatest common divisor of 1456 and 189007.
91
Calculate the highest common factor of 19971 and 9.
9
Calculate the highest common factor of 7535 and 8195.
55
Calculate the greatest common divisor of 152 and 26828.
76
Calculate the highest common divisor of 5110 and 2870.
70
What is the greatest common divisor of 1364 and 18476?
124
Calculate the greatest common factor of 27 and 90738.
9
What is the greatest common factor of 15 and 183945?
15
What is the highest common factor of 930 and 656022?
186
Calculate the greatest common factor of 10760 and 1160.
40
Calculate the greatest common divisor of 4935 and 30135.
105
Calculate the highest common factor of 32 and 14864.
16
Calculate the highest common divisor of 3861 and 202743.
27
What is the greatest common divisor of 5275450 and 50?
50
Calculate the greatest common divisor of 34980 and 76108.
212
What is the highest common factor of 490 and 690?
10
Calculate the highest common divisor of 15 and 1233680.
5
What is the highest common factor of 75 and 275955?
15
What is the highest common factor of 1890 and 5085?
45
Calculate the greatest common divisor of 972 and 2100.
12
Calculate the highest common factor of 49797 and 11.
11
What is the highest common factor of 15829 and 209?
11
Calculate the greatest common divisor of 279 and 1413.
9
Calculate the greatest common factor of 387533 and 183.
61
What is the greatest common factor of 1162 and 5474?
14
Calculate the highest common factor of 82 and 9725